{"id":6,"date":"2026-01-31T15:41:15","date_gmt":"2026-01-31T14:41:15","guid":{"rendered":"https:\/\/mmalik.timanzeldigital.com\/malik-test\/?page_id=6"},"modified":"2026-03-02T19:38:34","modified_gmt":"2026-03-02T18:38:34","slug":"accueil","status":"publish","type":"page","link":"https:\/\/mmalik.timanzeldigital.com\/malik-test\/","title":{"rendered":"Magic Malik &#8211; Site officiel"},"content":{"rendered":"\t\t<div data-elementor-type=\"wp-page\" data-elementor-id=\"6\" class=\"elementor elementor-6\">\n\t\t\t\t<div class=\"elementor-element elementor-element-3e8130f e-flex e-con-boxed e-con e-parent\" data-id=\"3e8130f\" data-element_type=\"container\" data-e-type=\"container\">\n\t\t\t\t\t<div class=\"e-con-inner\">\n\t\t<div class=\"elementor-element elementor-element-acc52f8 e-con-full e-flex e-con e-child\" data-id=\"acc52f8\" data-element_type=\"container\" data-e-type=\"container\">\n\t\t\t\t<div class=\"elementor-element elementor-element-235fcda elementor-align-center elementor-widget elementor-widget-button\" data-id=\"235fcda\" data-element_type=\"widget\" data-e-type=\"widget\" data-widget_type=\"button.default\">\n\t\t\t\t\t\t\t\t\t\t<a class=\"elementor-button elementor-button-link elementor-size-sm\" href=\"https:\/\/mmalik.timanzeldigital.com\/malik-test\/index.php\/acces-public\/\">\n\t\t\t\t\t\t<span class=\"elementor-button-content-wrapper\">\n\t\t\t\t\t\t\t\t\t<span class=\"elementor-button-text\">Work in progress\u200b<\/span>\n\t\t\t\t\t<\/span>\n\t\t\t\t\t<\/a>\n\t\t\t\t\t\t\t\t<\/div>\n\t\t\t\t<\/div>\n\t\t<div class=\"elementor-element elementor-element-15d742c e-con-full e-flex e-con e-child\" data-id=\"15d742c\" data-element_type=\"container\" data-e-type=\"container\">\n\t\t\t\t<div class=\"elementor-element elementor-element-31d73ab elementor-align-center elementor-widget elementor-widget-button\" data-id=\"31d73ab\" data-element_type=\"widget\" data-e-type=\"widget\" data-widget_type=\"button.default\">\n\t\t\t\t\t\t\t\t\t\t<a class=\"elementor-button elementor-button-link elementor-size-sm\" href=\"https:\/\/mmalik.timanzeldigital.com\/malik-test\/index.php\/magic-malik-on-tour\/\">\n\t\t\t\t\t\t<span class=\"elementor-button-content-wrapper\">\n\t\t\t\t\t\t\t\t\t<span class=\"elementor-button-text\">On tour<\/span>\n\t\t\t\t\t<\/span>\n\t\t\t\t\t<\/a>\n\t\t\t\t\t\t\t\t<\/div>\n\t\t\t\t<\/div>\n\t\t\t\t\t<\/div>\n\t\t\t\t<\/div>\n\t\t<div class=\"elementor-element elementor-element-e9703bb e-flex e-con-boxed e-con e-parent\" data-id=\"e9703bb\" data-element_type=\"container\" data-e-type=\"container\">\n\t\t\t\t\t<div class=\"e-con-inner\">\n\t\t\t\t<div class=\"elementor-element elementor-element-1725e182 elementor-widget elementor-widget-text-editor\" data-id=\"1725e182\" data-element_type=\"widget\" data-e-type=\"widget\" data-widget_type=\"text-editor.default\">\n\t\t\t\t\t\t\t\t\t<p><b>Bienvenue sur mon site officiel<\/b><\/p>\n<p>Musicien, compositeur et explorateur des formes sonores, je d\u00e9veloppe depuis plusieurs ann\u00e9es des projets qui circulent entre la sc\u00e8ne, l\u2019\u00e9criture et la recherche musicale.<\/p>\n<p>Les contenus publi\u00e9s ici ne constituent pas une \u0153uvre achev\u00e9e. Ce sont des \u00e9tapes, des essais, des fragments, parfois des archives, qui permettent de <strong><a href=\"https:\/\/mmalik.timanzeldigital.com\/malik-test\/index.php\/acces-public\/\" data-wplink-url-error=\"true\">suivre le cheminement de mon travail<\/a>.<\/strong> L\u2019ensemble est organis\u00e9 par th\u00e8mes et par cycles, afin de rendre visibles les liens, les continuit\u00e9s et les d\u00e9placements entre les formes.<\/p>\n<p>Vous trouverez \u00e9galement <strong><a href=\"https:\/\/mmalik.timanzeldigital.com\/malik-test\/index.php\/magic-malik-on-tour\/\" data-wplink-url-error=\"true\">mes dates de concert et mon actualit\u00e9<\/a>,<\/strong> ainsi que celle des projets que je porte sur sc\u00e8ne.<\/p>\n<p>Enfin, j\u2019ai choisi d\u2019ouvrir un <strong><a href=\"https:\/\/mmalik.timanzeldigital.com\/malik-test\/index.php\/espace-abonne\/\" data-wplink-url-error=\"true\">espace r\u00e9serv\u00e9<\/a><\/strong>, accessible par abonnement, pour celles et ceux qui souhaitent acc\u00e9der \u00e0 mes travaux en cours et accompagner ce travail dans la dur\u00e9e.<\/p>\n<p>Qui que vous soyez, je vous souhaite une bonne visite.<\/p>\n<p><i>Magic Malik<\/i><\/p>\n<p><!-- \/wp:columns --><\/p>\n<p><!-- wp:paragraph --><\/p>\n<p><!-- \/wp:paragraph --><\/p>\t\t\t\t\t\t\t\t<\/div>\n\t\t\t\t\t<\/div>\n\t\t\t\t<\/div>\n\t\t<div class=\"elementor-element elementor-element-48ff7d8 e-flex e-con-boxed e-con e-parent\" data-id=\"48ff7d8\" data-element_type=\"container\" data-e-type=\"container\">\n\t\t\t\t\t<div class=\"e-con-inner\">\n\t\t\t\t\t<\/div>\n\t\t\t\t<\/div>\n\t\t<div class=\"elementor-element elementor-element-10b7e2c e-flex e-con-boxed e-con e-parent\" data-id=\"10b7e2c\" data-element_type=\"container\" data-e-type=\"container\">\n\t\t\t\t\t<div class=\"e-con-inner\">\n\t\t\t\t<div class=\"elementor-element elementor-element-296c09f elementor-widget elementor-widget-shortcode\" data-id=\"296c09f\" data-element_type=\"widget\" data-e-type=\"widget\" data-widget_type=\"shortcode.default\">\n\t\t\t\t\t\t\t<div class=\"elementor-shortcode\"><p>Aucune date \u00e0 venir.<\/p><\/div>\n\t\t\t\t\t\t<\/div>\n\t\t\t\t\t<\/div>\n\t\t\t\t<\/div>\n\t\t\t\t<\/div>\n\t\t","protected":false},"excerpt":{"rendered":"<p>Work in progress\u200b On tour Bienvenue sur mon site officiel Musicien, compositeur et explorateur des formes sonores, je d\u00e9veloppe depuis plusieurs ann\u00e9es des projets qui circulent entre la sc\u00e8ne, l\u2019\u00e9criture [&hellip;]<\/p>\n","protected":false},"author":1,"featured_media":0,"parent":0,"menu_order":0,"comment_status":"closed","ping_status":"closed","template":"","meta":{"_acf_changed":false,"footnotes":""},"class_list":["post-6","page","type-page","status-publish","hentry"],"blocksy_meta":[],"acf":[],"_links":{"self":[{"href":"https:\/\/mmalik.timanzeldigital.com\/malik-test\/index.php\/wp-json\/wp\/v2\/pages\/6","targetHints":{"allow":["GET"]}}],"collection":[{"href":"https:\/\/mmalik.timanzeldigital.com\/malik-test\/index.php\/wp-json\/wp\/v2\/pages"}],"about":[{"href":"https:\/\/mmalik.timanzeldigital.com\/malik-test\/index.php\/wp-json\/wp\/v2\/types\/page"}],"author":[{"embeddable":true,"href":"https:\/\/mmalik.timanzeldigital.com\/malik-test\/index.php\/wp-json\/wp\/v2\/users\/1"}],"replies":[{"embeddable":true,"href":"https:\/\/mmalik.timanzeldigital.com\/malik-test\/index.php\/wp-json\/wp\/v2\/comments?post=6"}],"version-history":[{"count":53,"href":"https:\/\/mmalik.timanzeldigital.com\/malik-test\/index.php\/wp-json\/wp\/v2\/pages\/6\/revisions"}],"predecessor-version":[{"id":356,"href":"https:\/\/mmalik.timanzeldigital.com\/malik-test\/index.php\/wp-json\/wp\/v2\/pages\/6\/revisions\/356"}],"wp:attachment":[{"href":"https:\/\/mmalik.timanzeldigital.com\/malik-test\/index.php\/wp-json\/wp\/v2\/media?parent=6"}],"curies":[{"name":"wp","href":"https:\/\/api.w.org\/{rel}","templated":true}]}}